+ 9. Calculate s(t).
-2
Let g(q) = 8253 - 8349 + 211*q - 231*q - q**2. Calculate g(-6).
-12
Suppose 3*x + 2*n = 5*x + 6, 2*n = 5*x. Suppose 31*t - 186 - 31 = 0. Suppose 5*u + d - 28 = -x, u + 2*d = t. Let v(o) = o + 2. Calculate v(u).
7
Suppose -21 + 0 = -3*i. Suppose 0 = -t - 1, h - 5*t + t = 9. Let x(v) = 6 + 5*v - v + h*v - 10*v. Calculate x(i).
-1
Let h(o) = -15*o - 216. Let n be h(-20). Suppose n*s - 98 = 35*s. Let p(l) = 19*l - 1. Calculate p(s).
37
Let k(u) = u**2 + 5*u - 5. Let j be ((-20)/(-80))/((-2)/(-56)). Let w(o) = -10*o + 64. Let t be w(j). Calculate k(t).
1
Let r(o) = -2*o**2 + o - 7. Let t(v) = -v**2 - v + 2. Let w(a) = r(a) - 3*t(a). What is w(-6)?
-1
Let t = -62 + 57. Let s(f) = -2 + 23*f + 26 - 11 - 4*f**2 + 26. Let j(w) = 3*w**2 - 15*w - 26. Let y(a) = t*s(a) - 7*j(a). What is y(-9)?
-4
Suppose -7*p + 14*p + 3*p = 0. Let z be (-6 - p) + (-7 - -5). Let g(i) = -i**2 - 6*i + 11. Determine g(z).
-5
Let p(l) = 7*l - 8. Let i = -6879 + 6866. Calculate p(i).
-99
Let k(h) = h + 3. Suppose -1388*m = -1370*m - 108. Determine k(m).
9
Let p(s) = s**3 - 8*s**2 + 10*s - 8. Let m(r) = r**2 + 8*r - 105. Let n be m(7). Suppose -25*q + 94 + 56 = n. Calculate p(q).
-20
Let g be 4*(-2 - -11)/(-9). Let b(x) = 2*x**3 + 5*x**2 - 2*x - 4. Give b(g).
-44
Let w be 1*4*5/20 - -2. Suppose 6*t - 5*t = w. Let k(d) = 13*d**3 + 5*d**2 - 8*d**3 - 6*d**t + 3*d. Give k(6).
-18
Let v(i) = 7*i**2 + 53. Let r(t) = 8*t**2 + 2*t + 57. Let b(x) = -6*r(x) + 7*v(x). Determine b(7).
-6
Let b(z) = -z**3 + 28*z**2 + 10*z + 565. Let s be b(29). Let v(t) = t - 52. What is v(s)?
-38
Let r = 3831 + -3809. Let s(q) = 2*q - 50. Calculate s(r).
-6
Let x be (-168)/12 - -8 - 3. Let h(z) = z**2 + 11*z + 19. Determine h(x).
1
Let o(y) = 11*y - 1. Let d(w) = -w + 2. Let i(j) = -10*d(j) - o(j). Calculate i(-7).
-12
Let y = -6448 + 6458. Let u(d) = -d**2 + 15*d. Give u(y).
50
Let k(l) = -141*l + 2703 - 1012 - 1806 - 1294. What is k(-10)?
1
Let v = -2 + 4. Let l(s) = 2*s**2 + 4*s + 1. Let k(h) = h**2 + 3*h + 1. Let w(q) = v*l(q) - 3*k(q). Suppose -30 = -464*r + 381*r - 113. Calculate w(r).
1
Let i(y) = y**3 + 2*y**2. Suppose 0 = 3*w - 4*m - 576, 300 = 2*w + m - 95. Suppose 192*c + 4 = w*c. Let p(o) = 4*o**2 - 2*o. Let g be p(c). Determine i(g).
16
Let s(v) = -v**2 - 14*v - 29. Let t = -691 - -689. Let w be (((-132)/(-55))/t)/(2/20). Calculate s(w).
-5
Let s(p) = -p**3 - 13*p**2 - 4*p - 19. Let g(k) = -465*k - 2803. Let l be g(-6). What is s(l)?
33
Let b = -65253 + 65242. Let z(l) = -11 + 9*l - 3 + 0*l**2 + l**2. Determine z(b).
8
Suppose -24*f + 21*f + 6 = 0. Suppose v + 3*k - 52 = 5, 0 = f*k + 4. Suppose 65*o - v*o = 0. Let u(b) = b**3 + b - 2. Determine u(o).
-2
Let p(q) = -q**2 - 11*q - 5. Let f(v) = 99*v + 91. Let k be f(17). Suppose -u - 1781 = -k. Calculate p(u).
23
Let m = 613 + -231. Let z(b) = -124*b - 131*b + m*b - 131*b. What is z(-6)?
24
Let x(n) = n**2 + 27*n - 229. Let f be x(7). Let c(m) = 7*m - 48. What is c(f)?
15
Let h(u) be the first derivative of -u**4/4 - 10*u + 2. Let l(a) = -6*a - 17. Let t be l(-4). Suppose g = -7*g + t*g. Determine h(g).
-10
Let w(z) = -z**3 - 5*z**2 + 2. Suppose 0 = -4*c + 3051 - 3059. Let m(q) = -q**2 - 4*q - 3. Let i be m(-2). Let k be (c + (-5 - -2))/i. What is w(k)?
2
Let x(r) = -r**2 + 27 + 2*r**2 - 111 - 3*r**2 + 54 - 31*r. Give x(-17).
-81
Let r(a) be the first derivative of 0*a + 3/2*a**3 - 10*a**2 - 3/20*a**5 - 1/24*a**4 + 7 + 1/120*a**6. Let j(p) be the second derivative of r(p). Give j(9).
0
Let c(g) be the first derivative of -2 + 1/2*g**2 + g. Let s = 6536 + -6538. What is c(s)?
-1
Let z(u) = -u**2 + 3*u**2 - u - 4*u + 5. Let k(i) = 5*i**2 - 15*i + 16. Let o(q) = 3*k(q) - 8*z(q). Suppose 2604*j - 2617*j = 91. What is o(j)?
-6
Let b be (42/(-28) + 2)*-12. Let q(s) = 9*s**2 - 13*s - 14. Let m(p) = -7*p**2 + 12*p + 13. Let d(c) = -5*m(c) - 4*q(c). Determine d(b).
3
Let j = 123 + -119. Let h(u) = 4*u**2 - 6*u + 1. Let i(n) = 2*n**2 - 3*n. Let o(d) = 3*h(d) - 5*i(d). Calculate o(j).
23
Let h = 274 + -747. Let f = 486 + h. Let s(n) = -n**2 + 13*n - 5. Calculate s(f).
-5
Let o(g) = -g + 4. Let t be (0 + -3)/((-4)/24). Suppose 5*l - 7 = -5*d + t, 2*l - 3 = 5*d. Suppose -3*x = 22 - d. What is o(x)?
11
Let s(p) = -4*p**2 - 23*p. Let y be s(-5). Suppose 5*m + y - 10 = 0. Let b(v) be the first derivative of 2*v**4 + 2*v**3/3 + v**2 + v + 54. Calculate b(m).
-7
Suppose 80 = -4*x - 48. Let s = -4887 + 4925. Let n = x + s. Let t(m) = -m**2 + 5*m + 8. Determine t(n).
2
Suppose q - 2*b + 15 = b, -5*b = 3*q - 53. Let f(o) = -5*o + 4. Let h(c) = -6*c + 4. Let n(s) = 5*f(s) - 4*h(s). What is n(q)?
-2
Suppose 47 = 30*w - 145 - 18. Let j(t) = 3 - 3 + t. Give j(w).
7
Let w(h) be the first derivative of -h**6/360 + h**5/40 - h**4/8 + 91*h**3/3 + 59. Let o(s) be the third derivative of w(s). Give o(4).
-7
Suppose g - 11 = -5*n, -3*g + 10 = 4*n - 1. Let h(i) = -10*i**2 + 2*i**n + 8*i**2 + i - 18*i**2. What is h(-1)?
-19
Suppose -4*u = -45 + 1. Let c(g) = g**3 + 11*g**2 + u*g**2 - 17*g**2 + g + 5. Calculate c(-5).
0
Let o(n) = -n**3 + 10*n**2 - 12*n - 5. Let m(b) = -38*b**2 - 2510*b - 124. Let t be m(-66). Calculate o(t).
27
Let d(r) = 13*r**2 - 40*r + 279. Let z(a) = -2*a**2 - 11. Let t(c) = -d(c) - 6*z(c). Determine t(6).
-9
Let z(i) = 8*i - 20. Suppose -24*r = 196*r + 1760. Give z(r).
-84
Suppose -4*m + 6 = -2*m. Let h(p) = p**2 - 7*p. Let s(r) = -r. Let q(i) = -i**3 - 24*i**2 + 2*i + 49. Let n be q(-24). Let g(o) = n*h(o) - 5*s(o). What is g(m)?
3
Let p(r) = r**2 - 6*r - 39. Let m(l) = l**3 - 31*l**2 + 109*l - 13. Let o be m(27). Give p(o).
73
Suppose -74*h - 69 - 50 - 29 = 0. Let b(a) = 9*a**2 + 9*a - 1. Give b(h).
17
Let x(y) = -4*y**3 + 223*y**2 + y - 7 - 108*y**2 - 106*y**2. Let d(n) = -3*n**3 + 7*n**2 + n - 6. Let c(l) = 5*d(l) - 4*x(l). Determine c(0).
-2
Let n(t) = -6*t**2 + 3*t + 6. Suppose -58*h + 24 = -70*h. Determine n(h).
-24
Let q(j) = -5*j**2 - 11*j - 9. Let m(r) = -r**2 - 2*r - 2. Let a(f) = 11*m(f) - 2*q(f). Let d = -15 + 13. Let h = d - -2. Calculate a(h).
-4
Suppose -4 + 31 = 3*n. Let p(r) = -2 + 10*r**2 - n*r**2 - r**3 - 9*r**2 - r. Suppose -4*t + 2*m - 42 = 0, -4*t + 4*m - 7 = 45. What is p(t)?
6
Let w(d) = 0 + 27*d + 6*d**2 + 4 - 9*d**2 + 2*d**2 - 33*d. Let c(n) = n**3 + 2*n**2 + 3. Let i be c(-3). What is w(i)?
4
Let f(v) be the second derivative of 1/2*v**4 - 1/2*v**3 - 1/20*v**5 - 143*v + 5/2*v**2 + 0. Calculate f(5).
15
Let z be (-34)/(-10) + (3 - 24/10). Let r(l) be the second derivative of l**3 + 5/2*l**2 - 13*l - 1/12*l**z + 0. Calculate r(6).
5
Let s(g) = 0 - 6*g**2 + 2*g + 2 + 3*g**2. Suppose 0 = -12*l - 25 + 1. Give s(l).
-14
Let g(f) = f**3 + 48*f**2 - 3*f + 34. Let y(w) = -3*w**3 - 135*w**2 + 8*w - 97. Let m(i) = -17*g(i) - 6*y(i). Let l = -2 + 7. What is m(l)?
-6
Let x = -113 + 217. Let l = 99 - x. Let a(b) = -2*b**3 + 5*b**2 - 3*b + 7. Let y(f) = 3*f**3 - 5*f**2 + 4*f - 8. Let t(p) = -4*a(p) - 3*y(p). Give t(l).
-4
Let b be 1/(-4) + 7/(-168)*-2334. Let s = 92 - b. Let z(i) = -i**2 - 4*i. Determine z(s).
-5
Let h(t) be the third derivative of 5*t**4/12 - 13*t**3/6 + 4*t**2 + 2*t - 195. What is h(7)?
57
Let m(q) = 6*q + 58. Suppose 468*w - 56 = 4*x + 466*w, -2*w = -3*x - 45. Determine m(x).
-8
Let n(t) be the first derivative of -6*t**2 + 12*t + 9475. What is n(-2)?
36
Let l(p) = 5*p - 3*p**2 + 12*p**2 - 40 + 32 - 6*p**2 - 2*p**2. Suppose -4 = 2*b + 10. Give l(b).
6
Let c(w) = w**3 - 18*w**2 + 85*w - 46. Suppose 29*m - 130*m + 904 = 12*m. Determine c(m).
-6
Let h(z) = -7321 + 7319 + 6*z - 3*z. Calculate h(13).
37
Let w(s) = -s - 2. Let k(u) = u**2 + 9*u + 17. Let d be k(-8). Suppose 5*q - 60 = 5*a, q = 3*a + 7 + d. Let l(h) = h - 18. Let r be l(q). Calculate w(r).
6
Let g(j) = -2*j + 4. Let v = -55 - -59. Suppose -o + 8 = -v*m, -m - 2*o + 5 = 2*m. Let t be (-3 - -1) + m + -4. Calculate g(t).
18
Let z = 8269 - 8256. Let t(c) = c**2 - 6*c - 92. Determine t(z).
-1
Let j(i) = 11*i**2 - 14*i. Suppose a + 24 = -5*a + 30*a. Calculate j(a).
-3
Let s(h) = -5*h - 23*h**2 - 6*h - 24*h**2 - 10*h + 46*h**2 + 8. Give s(-21).
8
Let u(r) = 5*r**2 - 5*r + 7. Let a(n) = n**2 + 1. Let v(k) = -4*a(k) + u(k). Let o = -41 - -53. Suppose -4*s + 20 - o = 0. Calculate v(s).
-3
Let z(l) = -263 - 4*l - 318 + 527. What is z(-11)?
-10
Let d(